by 149.
146
What is the remainder when 1352 is divided by 87?
47
What is the remainder when 11298 is divided by 565?
563
Calculate the remainder when 3019 is divided by 1466.
87
What is the remainder when 18009 is divided by 34?
23
What is the remainder when 100998 is divided by 100927?
71
What is the remainder when 4141 is divided by 140?
81
What is the remainder when 30139 is divided by 43?
39
Calculate the remainder when 267330 is divided by 388.
386
Calculate the remainder when 6578 is divided by 439.
432
What is the remainder when 13919 is divided by 21?
17
What is the remainder when 166665 is divided by 258?
255
What is the remainder when 942407 is divided by 34?
29
Calculate the remainder when 2907 is divided by 85.
17
What is the remainder when 1715 is divided by 518?
161
Calculate the remainder when 179210 is divided by 437.
40
What is the remainder when 127979 is divided by 389?
387
What is the remainder when 8431 is divided by 211?
202
Calculate the remainder when 152243 is divided by 173.
3
What is the remainder when 13224 is divided by 2203?
6
Calculate the remainder when 22807 is divided by 12.
7
What is the remainder when 48909 is divided by 121?
25
What is the remainder when 2542 is divided by 537?
394
Calculate the remainder when 1173 is divided by 583.
7
What is the remainder when 151823 is divided by 75910?
3
What is the remainder when 2459 is divided by 177?
158
What is the remainder when 250704 is divided by 267?
258
Calculate the remainder when 2283971 is divided by 761321.
8
What is the remainder when 202 is divided by 149?
53
Calculate the remainder when 11978 is divided by 82.
6
Calculate the remainder when 20923 is divided by 182.
175
Calculate the remainder when 213679 is divided by 80.
79
Calculate the remainder when 538876 is divided by 4989.
64
What is the remainder when 137983 is divided by 104?
79
What is the remainder when 119644 is divided by 35?
14
What is the remainder when 137296 is divided by 42?
40
Calculate the remainder when 127793 is divided by 40.
33
Calculate the remainder when 86942 is divided by 8.
6
Calculate the remainder when 11984 is divided by 63.
14
Calculate the remainder when 215579 is divided by 989.
966
What is the remainder when 617180 is divided by 205717?
29
What is the remainder when 1363 is divided by 832?
531
What is the remainder when 492196 is divided by 230?
226
What is the remainder when 120778 is divided by 269?
266
What is the remainder when 91544 is divided by 30428?
260
What is the remainder when 974 is divided by 328?
318
Calculate the remainder when 3139 is divided by 225.
214
Calculate the remainder when 9629 is divided by 27.
17
What is the remainder when 57194 is divided by 220?
214
Calculate the remainder when 2251 is divided by 377.
366
What is the remainder when 49064 is divided by 1817?
5
What is the remainder when 29555 is divided by 15?
5
What is the remainder when 8274 is divided by 376?
2
What is the remainder when 879 is divided by 310?
259
What is the remainder when 13383 is divided by 189?
153
Calculate the remainder when 581 is divided by 307.
274
What is the remainder when 7490 is divided by 36?
2
What is the remainder when 2323 is divided by 173?
74
What is the remainder when 92730 is divided by 618?
30
Calculate the remainder when 406240 is divided by 47.
19
What is the remainder when 1019 is divided by 172?
159
What is the remainder when 12172 is divided by 348?
340
Calculate the remainder when 392 is divided by 278.
114
Calculate the remainder when 600160 is divided by 42868.
8
What is the remainder when 28127 is divided by 2886?
2153
What is the remainder when 27533 is divided by 3059?
2
What is the remainder when 186466 is divided by 164?
162
What is the remainder when 3958 is divided by 40?
38
Calculate the remainder when 120510 is divided by 112.
110
Calculate the remainder when 123987 is divided by 5.
2
What is the remainder when 2814 is divided by 217?
210
Calculate the remainder when 90124 is divided by 5006.
16
What is the remainder when 21820 is divided by 179?
161
Calculate the remainder when 1698 is divided by 420.
18
Calculate the remainder when 484892 is divided by 371.
366
What is the remainder when 1070 is divided by 286?
212
What is the remainder when 18198 is divided by 9085?
28
Calculate the remainder when 2786 is divided by 229.
38
Calculate the remainder when 11025 is divided by 607.
99
What is the remainder when 11687 is divided by 467?
12
Calculate the remainder when 9047 is divided by 1809.
2
Calculate the remainder when 4457 is divided by 264.
233
What is the remainder when 341378 is divided by 16256?
2
What is the remainder when 3948 is divided by 179?
10
What is the remainder when 85268 is divided by 8?
4
What is the remainder when 4916 is divided by 4916?
0
What is the remainder when 85935 is divided by 7157?
51
What is the remainder when 3519 is divided by 237?
201
What is the remainder when 86666 is divided by 174?
14
What is the remainder when 37228 is divided by 192?
172
Calculate the remainder when 57895 is divided by 290.
185
Calculate the remainder when 269873 is divided by 517.
516
Calculate the remainder when 496333 is divided by 165443.
4
Calculate the remainder when 12003 is divided by 84.
75
What is the remainder when 50619 is divided by 20?
19
What is the remainder when 28469 is divided by 321?
221
Calculate the remainder when 21818 is divided by 212.
194
What is the remainder when 164921 is divided by 9?
5
Calculate the remainder when 10431 is divided by 2.
1
What is the remainder when 3274 is divided by 130?
24
What is the remainder when 1732 is divided by 113?
37
What is the remainder when 1463 is divided by 727?
9
Calculate the remainder when 5328 is divided by 40.
8
What is the remainder when 641544 is divided by 128307?
9
What is the remainder when 1766 is divided by 268?
158
What is the remainder when 21324 is divided by 762?
750
What is the remainder when 2147 is divided by 966?
215
What is the remainder when 777940 is divided by 300?
40
What is the remainder when 35689 is divided by 2972?
25
Calculate the remainder when 17313 is divided by 2884.
9
Calculate the remainder when 3474 is divided by 119.
23
Calculate the remainder when 14421 is divided by 51.
39
What is the remainder when 30035 is divided by 653?
650
What is the remainder when 45662 is divided by 25?
12
Calculate the remainder when 27836 is divided by 402.
98
Calculate the remainder when 542284 is divided by 18.
16
Calculate the remainder when 3234299 is divided by 1078092.
23
Calculate the remainder when 234133 is divided by 165.
163
What is the remainder when 8318 is divided by 920?
38
Calculate the remainder when 12050 is divided by 198.
170
Calculate the remainder when 42535 is divided by 989.
8
What is the remainder when 13772 is divided by 6129?
1514
Calculate the remainder when 1286 is divided by 1281.
5
Calculate the remainder when 23660 is divided by 32.
12
Calculate the remainder when 507 is divided by 49.
17
What is the remainder when 8155 is divided by 160?
155
Calculate the remainder when 50268 is divided by 12543.
96
What is the remainder when 159635 is divided by 212?
211
What is the remainder when 29706 is divided by 14849?
8
What is the remainder when 2830 is divided by 102?
76
Calculate the remainder when 39929 is divided by 16.
9
Calculate the remainder when 72 is divided by 8.
0
What is the remainder when 77825 is divided by 357?
356
What is the remainder when 486 is divided by 97?
1
What is the remainder when 6927 is divided by 14?
11
Calculate the remainder when 55046 is divided by 385.
376
What is the remainder when 3895 is divided by 49?
24
What is the remainder when 119625 is divided by 462?
429
What is the remainder when 1345 is divided by 419?
88
What is the remainder when 2941 is divided by 79?
18
What is the remainder when 136485 is divided by 68179?
127
Calculate the remainder when 42378 is divided by 66.
6
Calculate the remainder when 20657 is divided by 334.
283
What is the remainder when 415 is divided by 144?
127
What is the remainder when 124672 is divided by 284?
280
What is the remainder when 151678 is divided by 66?
10
What is the remainder when 205522 is divided by 28?
2
What is the remainder when 10